{"id":810,"date":"2015-01-08T10:31:27","date_gmt":"2015-01-08T10:31:27","guid":{"rendered":"https:\/\/www.cig.gov.pt\/siic\/?page_id=810"},"modified":"2015-01-16T09:30:22","modified_gmt":"2015-01-16T09:30:22","slug":"violencia-domestica-e-de-genero-dados-fontes","status":"publish","type":"page","link":"https:\/\/www.cig.gov.pt\/siic\/violencia-domestica-e-de-genero-dados-fontes\/","title":{"rendered":"Viol\u00eancia dom\u00e9stica e de g\u00e9nero &#8211; Dados \u00bb Fontes"},"content":{"rendered":"<h2>Justi\u00e7a<\/h2>\n<ul>\n<li><a href=\"http:\/\/www.siej.dgpj.mj.pt\/webeis\/index.jsp?username=Publico&amp;pgmWindowName=pgmWindow_635560541827031250\" target=\"_blank\">Estat\u00edsticas da Justi\u00e7a \u2013 SIEJ\u00a0<\/a><\/li>\n<li><a href=\"http:\/\/www.pordata.pt\/Tema\/Portugal\/Justica+e+Seguranca-19%20\" target=\"_blank\">PORDATA \u2013 Justi\u00e7a e Seguran\u00e7a<\/a><\/li>\n<li><a href=\"http:\/\/ec.europa.eu\/eurostat\/web\/crime\/overview\" target=\"_blank\">EUROSTAT Crime and Criminal Justice<\/a><\/li>\n<\/ul>\n<h2>Viol\u00eancia contra as mulheres, dom\u00e9stica e de g\u00e9nero<\/h2>\n<ul>\n<li><a href=\"http:\/\/www.ine.pt\/xportal\/xmain?menuBOUI=13707294&amp;xpgid=ine_perfgenero&amp;xpid=INE\" target=\"_blank\">INE \u2013 Crime e Viol\u00eancia<\/a><\/li>\n<li><a href=\"http:\/\/www.portugal.gov.pt\/pt\/os-ministerios\/ministerio-da-administracao-interna\/quero-saber-mais\/sobre-o-ministerio\/rasi.aspx\" target=\"_blank\">RASI<\/a><\/li>\n<li><a href=\"http:\/\/www.siej.dgpj.mj.pt\/webeis\/index.jsp?username=Publico&amp;pgmWindowName=pgmWindow_635560566890468750\" target=\"_blank\">Estat\u00edsticas da Justi\u00e7a \u2013 condenados em processos crime \/ homic\u00eddios conjugais<\/a><\/li>\n<li><a href=\"http:\/\/eige.europa.eu\/gender-based-violence\/administrative-data-sources\" target=\"_blank\">EIGE Gender Based Violence<\/a><\/li>\n<\/ul>\n","protected":false},"excerpt":{"rendered":"<p>Justi\u00e7a Estat\u00edsticas da Justi\u00e7a \u2013 SIEJ\u00a0 PORDATA \u2013 Justi\u00e7a e Seguran\u00e7a EUROSTAT Crime and Criminal Justice Viol\u00eancia contra as mulheres, dom\u00e9stica e de g\u00e9nero INE \u2013 Crime e Viol\u00eancia RASI Estat\u00edsticas da Justi\u00e7a \u2013 condenados em processos crime \/ homic\u00eddios conjugais EIGE Gender Based Violence<\/p>\n","protected":false},"author":1,"featured_media":0,"parent":0,"menu_order":0,"comment_status":"closed","ping_status":"closed","template":"","meta":{"_genesis_hide_title":false,"_genesis_hide_breadcrumbs":false,"_genesis_hide_singular_image":false,"_genesis_hide_footer_widgets":false,"_genesis_custom_body_class":"","_genesis_custom_post_class":"","_genesis_layout":""},"_links":{"self":[{"href":"https:\/\/www.cig.gov.pt\/siic\/wp-json\/wp\/v2\/pages\/810"}],"collection":[{"href":"https:\/\/www.cig.gov.pt\/siic\/wp-json\/wp\/v2\/pages"}],"about":[{"href":"https:\/\/www.cig.gov.pt\/siic\/wp-json\/wp\/v2\/types\/page"}],"author":[{"embeddable":true,"href":"https:\/\/www.cig.gov.pt\/siic\/wp-json\/wp\/v2\/users\/1"}],"replies":[{"embeddable":true,"href":"https:\/\/www.cig.gov.pt\/siic\/wp-json\/wp\/v2\/comments?post=810"}],"version-history":[{"count":3,"href":"https:\/\/www.cig.gov.pt\/siic\/wp-json\/wp\/v2\/pages\/810\/revisions"}],"predecessor-version":[{"id":973,"href":"https:\/\/www.cig.gov.pt\/siic\/wp-json\/wp\/v2\/pages\/810\/revisions\/973"}],"wp:attachment":[{"href":"https:\/\/www.cig.gov.pt\/siic\/wp-json\/wp\/v2\/media?parent=810"}],"curies":[{"name":"wp","href":"https:\/\/api.w.org\/{rel}","templated":true}]}}

Violência doméstica e de género &#8211; Dados » Fontes

<h2>Justiça</h2>
<ul>
<li><a href="http://www.siej.dgpj.mj.pt/webeis/index.jsp?username=Publico&amp;pgmWindowName=pgmWindow_635560541827031250" target="_blank">Estatísticas da Justiça – SIEJ </a></li>
<li><a href="http://www.pordata.pt/Tema/Portugal/Justica+e+Seguranca-19%20" target="_blank">PORDATA – Justiça e Segurança</a></li>
<li><a href="http://ec.europa.eu/eurostat/web/crime/overview" target="_blank">EUROSTAT Crime and Criminal Justice</a></li>
</ul>
<h2>Violência contra as mulheres, doméstica e de género</h2>
<ul>
<li><a href="http://www.ine.pt/xportal/xmain?menuBOUI=13707294&amp;xpgid=ine_perfgenero&amp;xpid=INE" target="_blank">INE – Crime e Violência</a></li>
<li><a href="http://www.portugal.gov.pt/pt/os-ministerios/ministerio-da-administracao-interna/quero-saber-mais/sobre-o-ministerio/rasi.aspx" target="_blank">RASI</a></li>
<li><a href="http://www.siej.dgpj.mj.pt/webeis/index.jsp?username=Publico&amp;pgmWindowName=pgmWindow_635560566890468750" target="_blank">Estatísticas da Justiça – condenados em processos crime / homicídios conjugais</a></li>
<li><a href="http://eige.europa.eu/gender-based-violence/administrative-data-sources" target="_blank">EIGE Gender Based Violence</a></li>
</ul>

<p>Justiça Estatísticas da Justiça – SIEJ  PORDATA – Justiça e Segurança EUROSTAT Crime and Criminal Justice Violência contra as mulheres, doméstica e de género INE – Crime e Violência RASI Estatísticas da Justiça – condenados em processos crime / homicídios conjugais EIGE Gender Based Violence</p>
