{"id":807,"date":"2015-01-08T10:26:19","date_gmt":"2015-01-08T10:26:19","guid":{"rendered":"https:\/\/www.cig.gov.pt\/siic\/?page_id=807"},"modified":"2015-01-16T09:27:33","modified_gmt":"2015-01-16T09:27:33","slug":"igualdade-de-genero-cidadania-e-nao-discriminacao-dados-fontes","status":"publish","type":"page","link":"https:\/\/www.cig.gov.pt\/siic\/igualdade-de-genero-cidadania-e-nao-discriminacao-dados-fontes\/","title":{"rendered":"Igualdade de G\u00e9nero, Cidadania e N\u00e3o-discrimina\u00e7\u00e3o &#8211; Dados \u00bb Fontes"},"content":{"rendered":"<h2>Ci\u00eancia e Tecnologia<\/h2>\n<ul>\n<li><a href=\"http:\/\/www.dgeec.mec.pt\/np4\/19\/\" target=\"_blank\">DGEEC &#8211; Dire\u00e7\u00e3o-Geral de Estat\u00edsticas da Educa\u00e7\u00e3o e Ci\u00eancia &#8211; Ci\u00eancia, Tecnologia e Inova\u00e7\u00e3o<\/a><\/li>\n<li><a href=\"http:\/\/www.pordata.pt\/Tema\/Portugal\/Ciencia+e+Tecnologia-24\" target=\"_blank\">PORDATA &#8211; Ci\u00eancia e Tecnologia<\/a><\/li>\n<li><a href=\"http:\/\/ec.europa.eu\/eurostat\/web\/science-technology-innovation\/statistics-illustrated\" target=\"_blank\">EUROSTAT Science Technology Innovation<\/a><\/li>\n<\/ul>\n<h2>Educa\u00e7\u00e3o<\/h2>\n<ul>\n<li><a href=\"http:\/\/www.dgeec.mec.pt\/np4\/home\" target=\"_blank\">DGEEC \u2013 Dire\u00e7\u00e3o-Geral de Estat\u00edsticas da Educa\u00e7\u00e3o e Ci\u00eancia \u2013 Educa\u00e7\u00e3o\u00a0<\/a><\/li>\n<li><a href=\"http:\/\/www.ine.pt\/xportal\/xmain?menuBOUI=13707294&amp;xpgid=ine_perfgenero&amp;xpid=INE\" target=\"_blank\">INE \u2013 Dossi\u00ea de G\u00e9nero &#8211; Educa\u00e7\u00e3o e Forma\u00e7\u00e3o\u00a0<\/a><\/li>\n<li><a href=\"http:\/\/www.pordata.pt\/Tema\/Portugal\/Educacao-17\" target=\"_blank\">PORDATA \u2013 Educa\u00e7\u00e3o<\/a><\/li>\n<li><a href=\"http:\/\/ec.europa.eu\/eurostat\/web\/education-and-training\/statistics-illustrated\" target=\"_blank\">EUROSTAT Education and Training<\/a><\/li>\n<\/ul>\n<h2>Fam\u00edlia<\/h2>\n<ul>\n<li><a href=\"http:\/\/www.ine.pt\/xportal\/xmain?menuBOUI=13707294&amp;xpgid=ine_perfgenero&amp;xpid=INE\" target=\"_blank\">INE \u2013 Dossi\u00ea de G\u00e9nero &#8211; Fam\u00edlia\u00a0<\/a><\/li>\n<\/ul>\n<h2>Concilia\u00e7\u00e3o da vida profissional e pessoal<\/h2>\n<ul>\n<li><a href=\"http:\/\/www.ine.pt\/xportal\/xmain?menuBOUI=13707294&amp;xpgid=ine_perfgenero&amp;xpid=INE\" target=\"_blank\">INE \u2013 Dossi\u00ea de G\u00e9nero &#8211; Concilia\u00e7\u00e3o Trabalho \/ Vida Familiar\u00a0<\/a><\/li>\n<\/ul>\n<h2>Desporto, cultura e lazer<\/h2>\n<ul>\n<li><a href=\"http:\/\/www.pordata.pt\/Tema\/Portugal\/Cultura+e+Desporto-14\" target=\"_blank\">PORDATA &#8211; Cultura e Desporto<\/a><\/li>\n<li><a href=\"http:\/\/www.pordata.pt\/Tema\/Portugal\/Turismo-82%20\" target=\"_blank\">PORDATA &#8211; Turismo<\/a><\/li>\n<li><a href=\"http:\/\/ec.europa.eu\/eurostat\/web\/culture\/overview\" target=\"_blank\">EUROSTAT Culture<\/a><\/li>\n<\/ul>\n<h2>Imigra\u00e7\u00e3o<\/h2>\n<ul>\n<li><a href=\"http:\/\/sefstat.sef.pt\/relatorios.aspx\" target=\"_blank\">Relat\u00f3rios estat\u00edsticos anuais do SEF<\/a><\/li>\n<li><a href=\"http:\/\/ec.europa.eu\/eurostat\/web\/population-demography-migration-projections\/statistics-illustrated\" target=\"_blank\">EUROSTAT Population (demography, migration and projections)<\/a><\/li>\n<\/ul>\n<h2>Inclus\u00e3o e desenvolvimento social<\/h2>\n<ul>\n<li><a href=\"http:\/\/www.ine.pt\/xportal\/xmain?menuBOUI=13707294&amp;xpgid=ine_perfgenero&amp;xpid=INE\" target=\"_blank\">INE \u2013 Dossi\u00ea de G\u00e9nero &#8211; Prote\u00e7\u00e3o e Inclus\u00e3o Social\u00a0<\/a><\/li>\n<li><a href=\"http:\/\/www4.seg-social.pt\/estatisticas\" target=\"_blank\">Estat\u00edsticas da Seguran\u00e7a Social\u00a0<\/a><\/li>\n<li><a href=\"http:\/\/www.pordata.pt\/Tema\/Portugal\/Habitacao++Conforto+e+Condicoes+de+Vida-9\" target=\"_blank\">PORDATA &#8211; Habita\u00e7\u00e3o, Conforto e Condi\u00e7\u00f5es de Vida<\/a><\/li>\n<li><a href=\"http:\/\/www.pordata.pt\/Tema\/Portugal\/Proteccao+Social-10%20\" target=\"_blank\">PORDATA Prote\u00e7\u00e3o Social<\/a><\/li>\n<li><a href=\"http:\/\/ec.europa.eu\/eurostat\/web\/social-protection\/statistics-illustrated\" target=\"_blank\">EUROSTAT Social Protection<\/a><\/li>\n<\/ul>\n<h2>Mercado de trabalho e independ\u00eancia econ\u00f3mica<\/h2>\n<ul>\n<li><a href=\"http:\/\/www.ine.pt\/xportal\/xmain?menuBOUI=13707294&amp;xpgid=ine_perfgenero&amp;xpid=INE\" target=\"_blank\">INE \u2013 Dossi\u00ea de G\u00e9nero &#8211; Atividade, Emprego e Desemprego\u00a0<\/a><\/li>\n<li><a href=\"http:\/\/www.pordata.pt\/Tema\/Portugal\/Emprego+e+Mercado+de+Trabalho-3\" target=\"_blank\">PORDATA &#8211; Emprego e Mercado de Trabalho<\/a><\/li>\n<li><a href=\"http:\/\/ec.europa.eu\/eurostat\/web\/labour-market\/statistics-illustrated\" target=\"_blank\">EUROSTAT Labour Market<\/a><\/li>\n<li><a href=\"http:\/\/ec.europa.eu\/eurostat\/web\/income-and-living-conditions\/statistics-illustrated\" target=\"_blank\">EUROSTAT Income and Living Conditions<\/a><\/li>\n<\/ul>\n<h2>Popula\u00e7\u00e3o<\/h2>\n<ul>\n<li><a href=\"http:\/\/www.ine.pt\/xportal\/xmain?menuBOUI=13707294&amp;xpgid=ine_perfgenero&amp;xpid=INE\" target=\"_blank\">INE \u2013 Dossi\u00ea de G\u00e9nero &#8211; Popula\u00e7\u00e3o<\/a><\/li>\n<li><a href=\"http:\/\/www.pordata.pt\/Tema\/Portugal\/Populacao-1\" target=\"_blank\">PORDATA \u2013 Popula\u00e7\u00e3o<\/a><\/li>\n<li><a href=\"http:\/\/ec.europa.eu\/eurostat\/web\/population-demography-migration-projections\/statistics-illustrated\" target=\"_blank\">EUROSTAT Population (demography, migration and projections)<\/a><\/li>\n<li><a href=\"http:\/\/ec.europa.eu\/eurostat\/web\/population-and-housing-census\/statistics-illustrated\" target=\"_blank\">EUROSTAT Population and Housing Census<\/a><\/li>\n<\/ul>\n<h2>Sa\u00fade<\/h2>\n<ul>\n<li><a href=\"http:\/\/www.ine.pt\/xportal\/xmain?menuBOUI=13707294&amp;xpgid=ine_perfgenero&amp;xpid=INE\" target=\"_blank\">INE \u2013 Dossi\u00ea de G\u00e9nero \u2013 Sa\u00fade\u00a0<\/a><\/li>\n<li><a href=\"http:\/\/www.pordata.pt\/Tema\/Portugal\/Saude-12\" target=\"_blank\">PORDATA \u2013 Sa\u00fade<\/a><\/li>\n<li><a href=\"http:\/\/ec.europa.eu\/eurostat\/web\/health\/statistics-illustrated\" target=\"_blank\">EUROSTAT Health<\/a><\/li>\n<\/ul>\n<h2>Tomada de Decis\u00e3o<\/h2>\n<ul>\n<li><a href=\"http:\/\/eleicoes.cne.pt\/sel_eleicoes.cfm?m=vector\" target=\"_blank\">Comiss\u00e3o Nacional de elei\u00e7\u00f5es\u00a0<\/a><\/li>\n<li><a href=\"http:\/\/www.ine.pt\/xportal\/xmain?menuBOUI=13707294&amp;xpgid=ine_perfgenero&amp;xpid=INE\" target=\"_blank\">INE \u2013 Dossi\u00ea de G\u00e9nero \u2013 Decis\u00e3o<\/a><\/li>\n<li><a href=\"http:\/\/www.pordata.pt\/Tema\/Portugal\/Participacao+Eleitoral-44\" target=\"_blank\">PORDATA \u2013 Participa\u00e7\u00e3o eleitoral<\/a><\/li>\n<li><a href=\"http:\/\/ec.europa.eu\/justice\/gender-equality\/gender-decision-making\/database\/index_en.htm\" target=\"_blank\">European Commission Women and men in decision-making<\/a><\/li>\n<li><a href=\"http:\/\/eige.europa.eu\/content\/women-and-men-in-the-eu-facts-and-figures#\" target=\"_blank\">EIGE Women and men in the EU Facts and figures &#8211; Women in Power and Decision-making<\/a><\/li>\n<\/ul>\n","protected":false},"excerpt":{"rendered":"<p>Ci\u00eancia e Tecnologia DGEEC &#8211; Dire\u00e7\u00e3o-Geral de Estat\u00edsticas da Educa\u00e7\u00e3o e Ci\u00eancia &#8211; Ci\u00eancia, Tecnologia e Inova\u00e7\u00e3o PORDATA &#8211; Ci\u00eancia e Tecnologia EUROSTAT Science Technology Innovation Educa\u00e7\u00e3o DGEEC \u2013 Dire\u00e7\u00e3o-Geral de Estat\u00edsticas da Educa\u00e7\u00e3o e Ci\u00eancia \u2013 Educa\u00e7\u00e3o\u00a0 INE \u2013 Dossi\u00ea de G\u00e9nero &#8211; Educa\u00e7\u00e3o e Forma\u00e7\u00e3o\u00a0 PORDATA \u2013 Educa\u00e7\u00e3o EUROSTAT Education and Training Fam\u00edlia [&hellip;]<\/p>\n","protected":false},"author":1,"featured_media":0,"parent":0,"menu_order":0,"comment_status":"closed","ping_status":"closed","template":"","meta":{"_genesis_hide_title":false,"_genesis_hide_breadcrumbs":false,"_genesis_hide_singular_image":false,"_genesis_hide_footer_widgets":false,"_genesis_custom_body_class":"","_genesis_custom_post_class":"","_genesis_layout":""},"_links":{"self":[{"href":"https:\/\/www.cig.gov.pt\/siic\/wp-json\/wp\/v2\/pages\/807"}],"collection":[{"href":"https:\/\/www.cig.gov.pt\/siic\/wp-json\/wp\/v2\/pages"}],"about":[{"href":"https:\/\/www.cig.gov.pt\/siic\/wp-json\/wp\/v2\/types\/page"}],"author":[{"embeddable":true,"href":"https:\/\/www.cig.gov.pt\/siic\/wp-json\/wp\/v2\/users\/1"}],"replies":[{"embeddable":true,"href":"https:\/\/www.cig.gov.pt\/siic\/wp-json\/wp\/v2\/comments?post=807"}],"version-history":[{"count":5,"href":"https:\/\/www.cig.gov.pt\/siic\/wp-json\/wp\/v2\/pages\/807\/revisions"}],"predecessor-version":[{"id":971,"href":"https:\/\/www.cig.gov.pt\/siic\/wp-json\/wp\/v2\/pages\/807\/revisions\/971"}],"wp:attachment":[{"href":"https:\/\/www.cig.gov.pt\/siic\/wp-json\/wp\/v2\/media?parent=807"}],"curies":[{"name":"wp","href":"https:\/\/api.w.org\/{rel}","templated":true}]}}