{"id":164,"date":"2014-05-13T15:55:09","date_gmt":"2014-05-13T15:55:09","guid":{"rendered":"https:\/\/www.cig.gov.pt\/siic\/?page_id=164"},"modified":"2014-06-08T22:13:02","modified_gmt":"2014-06-08T22:13:02","slug":"cig-contactos","status":"publish","type":"page","link":"https:\/\/www.cig.gov.pt\/siic\/cig-contactos\/","title":{"rendered":"CIG Contactos"},"content":{"rendered":"<p><a href=\"https:\/\/www.cig.gov.pt\"><img loading=\"lazy\" class=\"alignnone wp-image-403 size-full\" src=\"https:\/\/www.cig.gov.pt\/siic\/wp-content\/uploads\/2014\/06\/cig.png\" alt=\"Comiss\u00e3o para a Cidadania e a Igualdade de G\u00e9nero\" width=\"251\" height=\"150\" \/><\/a><\/p>\n<h3><strong>Comiss\u00e3o para a Cidadania e a Igualdade de G\u00e9nero<\/strong><\/h3>\n<p><strong>Sede<\/strong><br \/>\nAv. da Rep\u00fablica, 32, 1\u00ba, 1050-193 Lisboa | Portugal<br \/>\nTel.: (+351) 217 983 000<br \/>\nFax: (+351) 217 983 098<br \/>\nE-mail: <a href=\"mailto:cig@cig.gov.pt\">cig@cig.gov.pt<\/a><\/p>\n<p><strong>Delega\u00e7\u00e3o do Norte<\/strong><br \/>\nR. Ferreira Borges, 69, 3\u00ba F, 4050-253 Porto | Portugal<br \/>\nTel.: (+351) 222 074 370<br \/>\nFax: (+351) 222 074 398<br \/>\nE-mail: <a href=\"mailto:cignorte@cig.gov.pt\">cignorte@cig.gov.pt<\/a><\/p>\n","protected":false},"excerpt":{"rendered":"<p>Comiss\u00e3o para a Cidadania e a Igualdade de G\u00e9nero Sede Av. da Rep\u00fablica, 32, 1\u00ba, 1050-193 Lisboa | Portugal Tel.: (+351) 217 983 000 Fax: (+351) 217 983 098 E-mail: cig@cig.gov.pt Delega\u00e7\u00e3o do Norte R. Ferreira Borges, 69, 3\u00ba F, 4050-253 Porto | Portugal Tel.: (+351) 222 074 370 Fax: (+351) 222 074 398 E-mail: [&hellip;]<\/p>\n","protected":false},"author":1,"featured_media":0,"parent":0,"menu_order":0,"comment_status":"closed","ping_status":"closed","template":"","meta":{"_genesis_hide_title":false,"_genesis_hide_breadcrumbs":false,"_genesis_hide_singular_image":false,"_genesis_hide_footer_widgets":false,"_genesis_custom_body_class":"","_genesis_custom_post_class":"","_genesis_layout":""},"_links":{"self":[{"href":"https:\/\/www.cig.gov.pt\/siic\/wp-json\/wp\/v2\/pages\/164"}],"collection":[{"href":"https:\/\/www.cig.gov.pt\/siic\/wp-json\/wp\/v2\/pages"}],"about":[{"href":"https:\/\/www.cig.gov.pt\/siic\/wp-json\/wp\/v2\/types\/page"}],"author":[{"embeddable":true,"href":"https:\/\/www.cig.gov.pt\/siic\/wp-json\/wp\/v2\/users\/1"}],"replies":[{"embeddable":true,"href":"https:\/\/www.cig.gov.pt\/siic\/wp-json\/wp\/v2\/comments?post=164"}],"version-history":[{"count":4,"href":"https:\/\/www.cig.gov.pt\/siic\/wp-json\/wp\/v2\/pages\/164\/revisions"}],"predecessor-version":[{"id":435,"href":"https:\/\/www.cig.gov.pt\/siic\/wp-json\/wp\/v2\/pages\/164\/revisions\/435"}],"wp:attachment":[{"href":"https:\/\/www.cig.gov.pt\/siic\/wp-json\/wp\/v2\/media?parent=164"}],"curies":[{"name":"wp","href":"https:\/\/api.w.org\/{rel}","templated":true}]}}